
377
What is the remainder when 58730 is divided by 29353?
24
Calculate the remainder when 2080 is divided by 1028.
24
What is the remainder when 267931 is divided by 1567?
1541
Calculate the remainder when 15533 is divided by 1721.
44
What is the remainder when 36688 is divided by 6?
4
Calculate the remainder when 28537 is divided by 27.
25
What is the remainder when 7093 is divided by 5?
3
Calculate the remainder when 4139 is divided by 377.
369
Calculate the remainder when 20816 is divided by 20800.
16
Calculate the remainder when 483564 is divided by 144.
12
What is the remainder when 69641 is divided by 34795?
51
What is the remainder when 3535 is divided by 362?
277
Calculate the remainder when 9245 is divided by 22.
5
What is the remainder when 529640 is divided by 57?
53
Calculate the remainder when 143816 is divided by 200.
16
What is the remainder when 8694 is divided by 39?
36
What is the remainder when 22157 is divided by 3684?
53
What is the remainder when 10771524 is divided by 5?
4
Calculate the remainder when 519972 is divided by 21.
12
What is the remainder when 66501 is divided by 136?
133
Calculate the remainder when 19941 is divided by 59.
58
What is the remainder when 347350 is divided by 77?
3
What is the remainder when 31679 is divided by 323?
25
Calculate the remainder when 10823 is divided by 102.
11
What is the remainder when 30182 is divided by 98?
96
What is the remainder when 3759 is divided by 339?
30
What is the remainder when 11307 is divided by 3763?
18
Calculate the remainder when 38191 is divided by 248.
247
What is the remainder when 1657 is divided by 236?
5
Calculate the remainder when 886 is divided by 140.
46
What is the remainder when 1147386 is divided by 72?
66
What is the remainder when 65604 is divided by 63?
21
What is the remainder when 3661 is divided by 224?
77
What is the remainder when 1745 is divided by 39?
29
What is the remainder when 109094 is divided by 6?
2
Calculate the remainder when 371 is divided by 277.
94
What is the remainder when 56104 is divided by 21?
13
Calculate the remainder when 82824 is divided by 27606.
6
What is the remainder when 10242 is divided by 500?
242
What is the remainder when 98579 is divided by 20?
19
Calculate the remainder when 5897 is divided by 406.
213
What is the remainder when 2571 is divided by 136?
123
What is the remainder when 2890 is divided by 328?
266
What is the remainder when 8961 is divided by 118?
111
What is the remainder when 34029 is divided by 1546?
17
What is the remainder when 284625 is divided by 284604?
21
What is the remainder when 518 is divided by 268?
250
Calculate the remainder when 214836 is divided by 23870.
6
Calculate the remainder when 604613 is divided by 19.
14
Calculate the remainder when 75687 is divided by 1718.
95
What is the remainder when 605734 is divided by 151431?
10
Calculate the remainder when 386851 is divided by 453.
442
What is the remainder when 78511 is divided by 51?
22
What is the remainder when 1445 is divided by 416?
197
What is the remainder when 3927 is divided by 1087?
666
What is the remainder when 673 is divided by 204?
61
Calculate the remainder when 34891 is divided by 5784.
187
Calculate the remainder when 22346 is divided by 151.
149
What is the remainder when 926 is divided by 255?
161
Calculate the remainder when 8355653 is divided by 261.
260
Calculate the remainder when 4339 is divided by 1440.
19
Calculate the remainder when 84165 is divided by 4.
1
Calculate the remainder when 89339 is divided by 14.
5
What is the remainder when 1310 is divided by 1285?
25
Calculate the remainder when 4471 is divided by 342.
25
Calculate the remainder when 96381 is divided by 1134.
1125
What is the remainder when 10998 is divided by 996?
42
Calculate the remainder when 96146 is divided by 28.
22
Calculate the remainder when 19371 is divided by 194.
165
What is the remainder when 31769 is divided by 53?
22
What is the remainder when 57801 is divided by 57?
3
Calculate the remainder when 46196 is divided by 15397.
5
Calculate the remainder when 123034 is divided by 40.
34
What is the remainder when 139300 is divided by 3?
1
Calculate the remainder when 353431 is divided by 122.
119
What is the remainder when 155133 is divided by 24?
21
Calculate the remainder when 13095 is divided by 1636.
7
What is the remainder when 677675 is divided by 1?
0
Calculate the remainder when 1569 is divided by 816.
753
What is the remainder when 71758 is divided by 3?
1
Calculate the remainder when 2083 is divided by 405.
58
What is the remainder when 247585 is divided by 82526?
7
What is the remainder when 1181 is divided by 3?
2
What is the remainder when 9218 is divided by 442?
378
What is the remainder when 96764 is divided by 4?
0
Calculate the remainder when 11539 is divided by 74.
69
Calculate the remainder when 1836 is divided by 461.
453
What is the remainder when 1087524 is divided by 29?
24
Calculate the remainder when 10789 is divided by 14.
9
What is the remainder when 241658 is divided by 48330?
8
Calculate the remainder when 27914 is divided by 481.
16
What is the remainder when 936 is divided by 558?
378
What is the remainder when 2191 is divided by 293?
140
Calculate the remainder when 656056 is divided by 15257.
5
What is the remainder when 14876 is divided by 216?
188
Calculate the remainder when 181173 is divided by 1192.
1181
What is the remainder when 2928 is divided by 963?
39
Calculate the remainder when 22439 is divided by 864.
839
Calculate the remainder when 436 is divided by 121.
73
What is the remainder when 2079 is divided by 1034?
11
What is the remainder when 16690 is divided by 355?
5
Calculate the remainder when 6671 is divided by 238.
7
What is the remainder when 521288 is divided by 449?
448
What is the remainder when 533 is divided by 311?
222
What is the remainder when 18334 is divided by 19?
18
Calculate the remainder when 96974 is divided by 32323.
5
What is the remainder when 29787 is divided by 3?
0
Calculate the remainder when 2074 is divided by 514.
18
Calculate the remainder when 7059 is divided by 104.
91
What is the remainder when 26294 is divided by 6567?
26
What is the remainder when 27370 is divided by 6835?
30
What is the remainder when 15060 is divided by 15010?
50
Calculate the remainder when 3115 is divided by 1195.
725
Calculate the remainder when 16357 is divided by 40.
37
What is the remainder when 50806 is divided by 388?
366
What is the remainder when 364921 is divided by 91229?
5
Calculate the remainder when 4190 is divided by 831.
35
Calculate the remainder when 2213 is divided by 37.
30
Calculate the remainder when 15759 is divided by 68.
51
Calculate the remainder when 2241 is divided by 31.
9
What is the remainder when 770956 is divided by 81?
79
Calculate the remainder when 3726 is divided by 8.
6
Calculate the remainder when 3503 is divided by 593.
538
Calculate the remainder when 160768 is divided by 160.
128
What is the remainder when 11037 is divided by 93?
63
Calculate the remainder when 4315023 is divided by 944.
943
What is the remainder when 3796 is divided by 942?
28
Calculate the remainder when 17447 is divided by 17430.
17
Calculate the remainder when 89103 is divided by 594.
3
What is the remainder when 1585 is divided by 365?
125
Calculate the remainder when 14389 is divided by 4793.
10
What is the remainder when 3849612 is divided by 505?
502
What is the remainder when 4186 is divided by 2325?
1861
What is the remainder when 27796 is divided by 9248?
52
Calculate the remainder when 100698 is divided by 380.
378
What is the remainder when 25902 is divided by 242?
8
What is the remainder when 4796 is divided by 191?
21
What is the remainder when 58277 is divided by 14560?
37
What is the remainder when 3177 is divided by 287?
20
Calculate the remainder when 59923 is divided by 83.
80
Calculate the remainder when 6699 is divided by 6674.
25
What is the remainder when 6395 is divided by 2003?
386
Calculate the remainder when 1795 is divided by 572.
79
What is the remainder when 363557 is divided by 677?
8
Calculate the remainder when 207564 is divided by 20755.
14
What is the remainder when 1316 is divided by 1303?
13
Calculate the remainder when 95